ulate o(q).
-8
Let i(w) be the second derivative of -w**4/6 + w**3/2 - 3*w**2/2 + 249*w + 3. What is i(4)?
-23
Let c(n) = -3*n + 5*n - 4975 - n**2 - n**2 - 4*n + 4976. Determine c(0).
1
Let z(y) = 10*y**2 - 7*y - 10. Let o(s) = 3*s**2 - 2*s - 3. Let k(h) = 7*o(h) - 2*z(h). Suppose 4*f - 2*w - 8 = 0, 149*f - 148*f + 3*w = -5. What is k(f)?
0
Let f(r) = 12 + 3*r**3 - 2*r**3 - r + 4. Let z = -1 + 7. Let s be (-28)/z + 4 + 4/6. What is f(s)?
16
Let x = 14 + -12. Let t(w) = 8*w**x - 13*w**2 + 11 - 7 - w**3 + w. Calculate t(-5).
-1
Suppose -2548*i + 81 = -2557*i. Let b(d) = 2*d + 5. Give b(i).
-13
Let d(y) = -208*y**2 - 207*y**2 + 632*y**2 - 210*y**2. Suppose -t = 2*t. Suppose t = w - 0*w + 1. Determine d(w).
7
Let a = 101 - 182. Let b be a/(-9) + -1*2. Let n(k) be the second derivative of k**5/20 - 2*k**4/3 + 7*k**3/6 - k**2/2 - 2*k. Calculate n(b).
-1
Let f(k) = -k**2 + 6*k - 1. Suppose 60 = 5*i - 5*l, 2*l + 11 = 3. Give f(i).
-17
Let g(b) = 2*b + 10. Let v(k) = -3*k - 13. Let s(n) = -5*g(n) - 4*v(n). Calculate s(-4).
-6
Let o(q) be the third derivative of -q**6/120 + 13*q**5/60 + q**4/24 - 17*q**3/6 - 33*q**2 - q. What is o(13)?
-4
Let a(s) = 2 + 3*s**2 + s**2 + 2*s - 5*s**2. Let m = -1189 + 1192. Give a(m).
-1
Let l(u) be the first derivative of 2*u**3/3 + 3*u**2/2 - 4*u - 70. Suppose 4*w = 3*w - 9. Let c = 6 + w. Calculate l(c).
5
Let a(t) = 2*t - t**3 + 2*t**2 - 1 + 0*t**3 - 8*t**2 - 7*t. Let j = -69 + 64. Calculate a(j).
-1
Suppose 4*b = 5 + 3. Let h(u) = 20*u**3 + 7*u + 4 - 19*u**3 - 2*u - 6*u**b. Calculate h(5).
4
Let l(r) = -5*r**3 - 9*r**2 - r - 6. Let f(a) = 16*a**3 + 27*a**2 + a + 17. Let m(h) = 4*f(h) + 13*l(h). Determine m(-8).
-2
Let m(o) = 2*o**3 + 10*o**2 + 6*o - 4. Let r be m(-6). Let b be (r/(-80))/(2/(-10)). Let a(v) = -v**3 - 7*v**2 - 6. Calculate a(b).
-6
Let s(v) = 41*v - 114. Let p be s(3). Let z(m) = m - 9. Calculate z(p).
0
Let z(f) = 6*f - 16. Let m be z(6). Let t(i) = -6 + m - 5*i**2 - i**3 - 7 - 1 + 3*i. Calculate t(-5).
-9
Suppose 3*q = 2*j, 5*q - 3*j - 21 + 20 = 0. Let p(a) be the first derivative of -5 - 2*a**q + 1/3*a**3 - 4*a. Calculate p(5).
1
Let t(q) = 5*q**3 - 11*q**2 + 2*q - 1. Let f(j) = 4*j**3 - 10*j**2 + 3*j + 1. Let h(m) = -6*f(m) + 5*t(m). Determine h(-6).
1
Let p(z) be the first derivative of -z**4/4 - 7*z**3/3 - 7*z**2/2 - 11*z - 314. What is p(-6)?
-5
Let j(t) be the first derivative of 52*t**3/3 + t**2/2 + 302. Determine j(-1).
51
Let d(r) = -r + 13. Let m(u) = -u + 13. Let f be 48/(-40)*(-2)/8*-10. Let j(n) = f*d(n) + 4*m(n). Determine j(0).
13
Let t(d) = d**2 + 4*d. Let q be (15 - 3) + -1 + 3. Let c = 17 - q. Suppose c*u + 5*y + 18 = 4*u, 3*u + 14 = -2*y. Give t(u).
-4
Let u(r) = 10*r**2 - 36*r + 20. Let s(b) = -2*b**2 + 7*b - 4. Suppose t = 11*t - 110. Let i(v) = t*s(v) + 2*u(v). What is i(3)?
-7
Let r be (0/13)/(-1 - 0). Let s(m) = m + 1. Let o be (-12)/(-2)*4/(-6). Let k(a) = a. Let g(t) = o*s(t) + 5*k(t). Give g(r).
-4
Let k(l) = -l**2 + 2*l - 3*l - 6*l + 12*l. Give k(4).
4
Let z(k) be the second derivative of -k**4/2 + k**3/6 + 3*k - 55. Calculate z(-1).
-7
Let k(u) = -u - 3. Let j be 1 - ((-466)/(-2))/(-1). Let n be j/91 - (-6)/14. Suppose -n*p - 11 = -2. Give k(p).
0
Let g(z) = 3*z + 7. Suppose 3*s - 180 = -174. Suppose -s*u - 16 = -6. Determine g(u).
-8
Suppose 0 = 4*s - 3*t + 10 - 29, 3 = s + t. Suppose 2*a = 2 + s. Let w(n) = -n**3 + 4*n**2 - n. Determine w(a).
6
Let v = 8 + -14. Let l(n) = -5*n - 6. Let r(i) = 11*i + 13. Let b(h) = v*r(h) - 13*l(h). Let y be b(-3). Let a(q) = 2*q - 4. What is a(y)?
2
Let j = -62 + 107. Let u(x) = 90*x - 47*x - j*x. What is u(-3)?
6
Let v(c) = 0 + 463*c - 465*c - 2. Calculate v(-5).
8
Let z(y) = 2*y**2 + y + 2. Let h = 3234 - 3234. Determine z(h).
2
Let v(j) = -j + 1. Suppose -14 - 19 = -11*l. Determine v(l).
-2
Suppose -b - 1 + 6 = 5*i, 5*i - 5*b = 35. Let c(k) = 0 + 3 + i*k + 3 - 4. Suppose n + o = -3, -5*n + 2 = -4*o - 28. Calculate c(n).
6
Suppose p + 9 = 10. Suppose p + 3 = -s. Let i(o) = o**2 - o. Let y(r) = 2*r**2 + 5*r + 2. Let f(l) = -i(l) + y(l). Give f(s).
-6
Let d(i) be the first derivative of -1/3*i**3 - 5*i + 3*i**2 - 12. Let l = -5 - -10. Give d(l).
0
Let k be (2/(-4))/((-6)/24). Suppose 3*j + 4 = a + 16, 0 = -k*a - 6. Let m(p) = 3*p**2 - p + 0*p - 2*p**2 + 0*p - 8*p**j. Determine m(1).
-8
Let w(n) = n**2 + 9*n + 9. Let g(s) = s**2 + 9*s. Let p be g(-8). Let t be w(p). Let v be (-6)/(-4) + t/2. Let b(a) = -2*a. Calculate b(v).
-4
Let a(v) be the second derivative of v**3/6 + 3*v**2 + 3*v. Let u be a(-4). Let q(f) = 4*f**2 + 2*f**u + f + 1 + 10*f**3 - 5*f**2. Calculate q(-1).
-9
Let l be 4/4 - 8 - 3. Let x(w) = w**2 + 10*w + 5. Let g be x(l). Let y(n) = -g + n - 2*n + 0. Calculate y(-4).
-1
Let u(p) = 2*p**2 + 2*p + 2. Let j(h) = -38*h + 151. Let f be j(4). What is u(f)?
2
Let p(l) = -l**2 - l + 1. Let w be p(-2). Suppose 3*g = -4*g + 42. Let t be 16/(-16)*(w + g). Let d(m) = -m**3 - 6*m**2 - 5*m - 1. Determine d(t).
-1
Let j(g) = -2*g**2 - 1. Let r(d) = -7*d**2 - 3*d - 1. Let z(w) = -3*j(w) + r(w). Calculate z(1).
-2
Suppose 0 = 4*c - 0*c + 24. Let o(d) = d + 6. Let t be o(c). Suppose -6 = 3*a - t. Let p(z) = -z**2 + z + 2. Calculate p(a).
-4
Let x = -1 + 8. Let i(h) = -3*h + 3*h + 7 - 18 + h - 4. Calculate i(x).
-8
Let k(z) = -z**3 - 2*z**2 + 3*z - 3. Let n be (-2)/9 - 50/18. Let i be k(n). Let h(w) be the first derivative of -w**3/3 - 2*w**2 + 3. Give h(i).
3
Suppose -5*o + 5 = -4*a - 8, 5*o + 4*a = 37. Let b be 24/o + -3 + (-44)/(-20). Let l(j) = -j**3 + 4*j**2 - 3*j + 5. Give l(b).
-7
Let r(j) = -9*j. Let h be r(-1). Suppose 5*s - h = 11. Let t(g) = 3*g**3 - 1 - s*g**3 - g**2 - 6*g**2 + 7. Determine t(-7).
6
Let i(j) = j - 19. Let g(x) = -x**2 + 5*x + 6. Let m be g(5). Suppose m*p = -0*p + 54. What is i(p)?
-10
Let g(b) be the first derivative of -b**4/4 - 7*b**3/3 - 7*b**2/2 - b + 509. Calculate g(-7).
48
Let f(j) = j**3 - 8*j**2 + 7*j - 1. Suppose 141 - 1 = 20*v. What is f(v)?
-1
Let s(l) = l**3 + 4*l**2 - 4*l - 1. Suppose -5*i + 143 = 168. Give s(i).
-6
Let z(i) be the third derivative of -i**6/60 + i**5/30 + i**4/24 + i**3/6 - 53*i**2. Let u = 17 - 6. Suppose y - 2*y + u = 5*n, 2 = 2*y. What is z(n)?
-5
Let j(f) = 2*f - 1. Let b(s) = -6*s + 1. Let x(q) = 2*b(q) + 7*j(q). Suppose t = -5*z + 39 - 6, 5*z + 4*t - 27 = 0. What is x(z)?
9
Let x be ((-2)/6)/(4/(-132)). Let a(b) = -b - 32. Let n(l) = 11. Let f(s) = -a(s) - 4*n(s). Determine f(x).
-1
Let s(j) = j + 5. Let l = -81 + 84. Suppose 4*t + 23 + 21 = -4*i, i = -l*t - 27. What is s(t)?
-3
Let h(t) = t + 0 - 3 + 5*t**2 + 1 - t**3. Suppose -20*d + 128 - 28 = 0. Determine h(d).
3
Let i be (5/20)/((-2)/(-8)). Let f be (1 - i)/(12/6). Let v(b) = 4*b - 1 + 3 + 4*b**2 - 5*b**2 + f*b**2. Give v(4).
2
Suppose 0 = c - 2, -4*c - 5 = m - 15. Suppose 0 = -m*n - f - 2*f - 20, -2*n = f + 16. Let g(p) = -7*p - 5 + 2*p**2 + p**3 + 3*p + 5*p**2 + 3*p. Calculate g(n).
2
Let i(p) = p**2 - p + 24. Let r = 1385 - 1385. What is i(r)?
24
Let u(r) = 6*r**2 - r - 2. Let v(c) = -21*c**2 + 7*c + 4. Let t(x) = -4*u(x) - v(x). Suppose 0 = -3*d + 2*d + 3*m + 6, 2*m = -6. Determine t(d).
-14
Suppose 2*w - d = 5, 4*d = -w - 10 - 10. Suppose 4*f - 4 = -3*q - 1, 5*q + 24 = 3*f. Let h(o) = o**3 + o - 2*o**2 - f*o**2 + 6 + 6*o**2. Give h(w).
6
Suppose 0 = -7*w - 92 + 36. Let x(u) = -u**2 - 6*u + 13. Let p be x(w). Let r(z) = -z - 4. Calculate r(p).
-1
Suppose 3*j - 78 = -96. Let b(q) = q**3 + 5*q**2 - 5*q + 3. Determine b(j).
-3
Let l be -3*(24/(-108) - 10/9). Let d(w) = l + w - 1 + 5. Let k = 5 + -11. Give d(k).
2
Let c(b) be the second derivative of -b**8/6720 - b**7/2520 - b**5/30 + 7*b**4/3 - 16*b. Let w(i) be the third derivative of c(i). Give w(0).
-4
Let m(h) = -h - 10. Let c be m(-5). Let g(t) = -t**3 - 4*t**2 - t. Let y(u) = -u**3 - 4*u**2 - 1. Let p(x) = 3*g(x) - 4*y(x). Give p(c).
-6
Let j(i) be the second derivative of -i**4/12 - i**3/3 + 3*i**2/2 + 174*i. Calculate j(3).
-12
Let l(h) = 11*h**3 - h**2 - h - 1. Suppose -2*s - 3*s + 3*w = 8, 0 = -s + 5*w - 6. Let r be ((s - 1)/(-3 - -1))/(-1). Determine l(r).
-12
Let d(l) = 3*l**3 - 10*l**2 + 3*l - 1. Let a(t) = -2*t**3 + 5*t**2 - t. Suppose 5*x = 13*x + 40. Let j(o) = x*a(o) - 3*d(o). What is j(-6)?
-9
Suppose 12*k = 24*k - 48. Let s(b) be the second deri